{"id":10077,"date":"2022-10-12T05:10:06","date_gmt":"2022-10-12T11:10:06","guid":{"rendered":"https:\/\/tarufood.com\/?post_type=product&#038;p=10077"},"modified":"2025-09-03T22:21:22","modified_gmt":"2025-09-04T04:21:22","slug":"sampler-chicharronero","status":"publish","type":"product","link":"https:\/\/oyechicosv.com\/menu\/product\/sampler-chicharronero\/","title":{"rendered":"Sampler  Chicharronero"},"content":{"rendered":"","protected":false},"excerpt":{"rendered":"<p>\u2022 Chicharr\u00f3n de cachete, chicharr\u00f3n guajiro (panceta) y chicharr\u00f3n de costilla, acompa\u00f1ado de 10 tortillas de trigo, chirmol, guacamole, cebolla especial y salsas.<\/p>\n","protected":false},"featured_media":10473,"template":"","meta":[],"product_cat":[120],"product_tag":[],"class_list":{"0":"post-10077","1":"product","2":"type-product","3":"status-publish","4":"has-post-thumbnail","6":"product_cat-pa-compartir","8":"first","9":"instock","10":"shipping-taxable","11":"purchasable","12":"product-type-simple"},"_links":{"self":[{"href":"https:\/\/oyechicosv.com\/menu\/wp-json\/wp\/v2\/product\/10077","targetHints":{"allow":["GET"]}}],"collection":[{"href":"https:\/\/oyechicosv.com\/menu\/wp-json\/wp\/v2\/product"}],"about":[{"href":"https:\/\/oyechicosv.com\/menu\/wp-json\/wp\/v2\/types\/product"}],"wp:featuredmedia":[{"embeddable":true,"href":"https:\/\/oyechicosv.com\/menu\/wp-json\/wp\/v2\/media\/10473"}],"wp:attachment":[{"href":"https:\/\/oyechicosv.com\/menu\/wp-json\/wp\/v2\/media?parent=10077"}],"wp:term":[{"taxonomy":"product_cat","embeddable":true,"href":"https:\/\/oyechicosv.com\/menu\/wp-json\/wp\/v2\/product_cat?post=10077"},{"taxonomy":"product_tag","embeddable":true,"href":"https:\/\/oyechicosv.com\/menu\/wp-json\/wp\/v2\/product_tag?post=10077"}],"curies":[{"name":"wp","href":"https:\/\/api.w.org\/{rel}","templated":true}]}}